- 2*m - 5. Let j = -35 - -38. Let u be k(j). Calculate the remainder when 39 is divided by 35/(-10)*u/7.
9
Let h = 23357 + -23281. Calculate the remainder when h is divided by -3 - 4/(4/(-19)).
12
Let j(r) = -14*r + 8. What is the remainder when j(-7) is divided by 24/(-9)*((-17)/2 + 4)?
10
Suppose -1069 = 38*h - 23262 + 2775. What is the remainder when h is divided by 40?
31
Let z(f) = 9*f - 105 - f**2 + 10*f**2 - 8*f**2. What is the remainder when 68 is divided by z(-16)?
5
Suppose -56*j + 6*j = -0*j - 40850. What is the remainder when j is divided by 55?
47
Let u = 270 - 9. Let j = u + -223. What is the remainder when j is divided by 12?
2
Suppose 12*s = 5*s + 77. Suppose -452 = -s*w + 1891. Calculate the remainder when w is divided by 24.
21
Let u(v) = 5*v**2 + v - 2 + 4 - 24*v**3 - 3. What is the remainder when u(-2) is divided by 30?
29
Suppose -17*k - 17848 = -6084. Let j = k + 768. Calculate the remainder when 1441 is divided by j.
73
Let f(d) = -22*d - 88. Let g(u) = -19*u - 87. Let m(c) = 3*f(c) - 4*g(c). What is the remainder when 0 - (-136 - (2 - 0)) is divided by m(-7)?
12
What is the remainder when -1 - 236223/(-21) - ((-2508)/154 - -16) is divided by 25?
23
Suppose -4*w - 11 - 1 = 3*a, 5*w + 15 = -4*a. Suppose a = -4*o + 10*o - 432. Suppose -304 + 119 = -5*x. Calculate the remainder when o is divided by x.
35
Suppose 5*k = 5*r - 10, 4 = 4*r - 3*r. Suppose -31 = -k*j + j. Suppose -487 = -4*m + t, -607 = -4*m - 2*t - 129. Calculate the remainder when m is divided by j.
28
Let d(t) = t**3 + 85*t**2 - 554*t - 166. Calculate the remainder when d(-91) is divided by 103.
47
Suppose -7*h + 12*h = 20, -2*u + 5*h = 16. Let x(k) = -16*k + 99. What is the remainder when x(u) is divided by 40?
27
Let p be (-1 - -26)*(-20)/20. What is the remainder when 311 is divided by 1/((-3)/6 - p/40)?
7
Let f = -51 + 165. Let c = -68088 + 68108. Calculate the remainder when f is divided by c.
14
Let j(z) = z**3 - 14*z**2 + 51*z - 28. Let i be j(8). Calculate the remainder when 63 is divided by (i/3)/((64/(-138))/8).
17
Let v = -9349 + 9459. What is the remainder when 400 is divided by v?
70
Calculate the remainder when 60438/186 + 126/1953 is divided by 30.
25
Let o be 1/(-2)*-20 - (-2 + -1). Let g(a) = a**2 - 12*a - 1. Suppose -355 = -24*u + 19*u. What is the remainder when u is divided by g(o)?
11
Suppose -4*i + 198 + 26 = 4*p, 1256 = 21*p + 5*i. Suppose 4*a + 263 = -3*l + 2088, 1212 = 2*l - 2*a. What is the remainder when l is divided by p?
58
What is the remainder when 36 is divided by (-12)/(-15) - 13/(-10)*4?
0
Let f(l) = l**3 + 13*l**2 + 471*l + 5692. Let h(r) = 16*r**2 - r. Calculate the remainder when f(-12) is divided by h(-1).
14
Suppose 25*h - 628 = 1547. What is the remainder when 303 is divided by h?
42
Suppose 3*f = 3*p - p + 150, -4*f = -p - 85. Suppose 0 = -5*t - 100 - 520. Let u = p - t. What is the remainder when u is divided by 19?
17
Calculate the remainder when (-347)/(-1388) - ((-13654)/8 + 0) is divided by 38.
35
Let p(w) = w**2 - 6*w - 6. Let l be p(10). Suppose 4*z = 5*t + 194, -5*z + 6*t = 2*t - 247. Let f = z - l. What is the remainder when f is divided by 4?
1
Let c(t) = -t**3 - 23*t**2 + 35*t - 315. Let g = -229 - -465. What is the remainder when g is divided by c(-25)?
56
Suppose -22*y = 19*y - 65395. Calculate the remainder when y is divided by 21.
20
Suppose 0 = -6*v + 18 - 0. What is the remainder when ((-329)/94)/((-2)/20) is divided by v?
2
Let i be 72/(-756) - 2230/(-42). Calculate the remainder when 11 + -6 - i*-8 is divided by 31.
26
Let b(y) = 4*y**2 + 18. Let u(t) = 5*t**2 + 16. Let p(i) = 4*b(i) - 3*u(i). Calculate the remainder when p(10) is divided by 25.
24
Let t(j) = j**3 - 15*j**2 + 32*j - 10. Let x be t(15). Let s = 479 - x. Calculate the remainder when 12 is divided by s.
3
Let i(w) be the first derivative of w**3/3 + 5*w**2/2 - 2*w + 7. What is the remainder when 47*(5 + -7 + 3) is divided by i(-7)?
11
Let y(k) = -14*k - 7. Let t(d) = d**2 - 11*d + 6. Let h be t(14). Suppose -2*z - 10 = -h. Calculate the remainder when y(-3) is divided by z.
16
Let i(w) = 5*w - 9. Let f be i(2). Calculate the remainder when 68 is divided by (18/10)/(f/5).
5
Suppose 0 = 4*w + 7 - 3. Suppose -34 = 10*s - 5*g - 264, -2*s - 3*g + 94 = 0. What is the remainder when (-2)/w*(-201)/(-2) is divided by s?
27
Suppose -7*j = 5*j - 324. What is the remainder when 3795/(-132)*(-8)/5 is divided by j?
19
Let p = 4095 + -3449. Calculate the remainder when p is divided by 8.
6
Let c(a) = a**2 + 2*a + 1. Let t be c(-1). Suppose d - 3*i - 72 = i, t = 4*d + 5*i - 183. Calculate the remainder when d/3*(-45)/(-10) is divided by 27.
24
Suppose -21 = 3*c - 3*r, -c + r - 11 = c. Let z(s) = -s**2 - 6*s + 1. What is the remainder when 58 is divided by z(c)?
4
Suppose 2*w = -4*p + 408, -5*p - 4*w + 268 = -239. Let h = p + -99. Suppose -52 = -0*n - h*n. What is the remainder when 77 is divided by n?
12
Let n(g) = -26*g + 35*g + 12*g + 8. Let i be n(7). Let k = i - 55. What is the remainder when k is divided by 35?
30
Suppose -p + 3 = 4*b, p + 9 - 12 = 0. Suppose b = -16*c - 13 + 61. What is the remainder when 51 is divided by c?
0
Let l be (-1)/3 + (-78)/(-18). Suppose 4*d + 432 = l*s, -400 = -4*s + 2*d - 6*d. Calculate the remainder when s is divided by 27.
23
Suppose -39*s + 7638 = 384*s - 21*s. Suppose -6 + 2 = -2*d. What is the remainder when s is divided by d?
1
Let h = -13952 + 16227. Calculate the remainder when h is divided by 88.
75
Let c(n) = 68*n**2 - 26*n + 218. What is the remainder when c(6) is divided by 16?
14
Suppose 2554 - 939 = 19*y. What is the remainder when y is divided by 18?
13
Suppose -181 + 1458 = 2*n - 5*a, 0 = -n - 5*a + 631. Calculate the remainder when n is divided by 42.
6
Let m be 1/2 - (-55)/(-2). Let d = -17 - m. What is the remainder when 208 is divided by d?
8
Let o(g) = -g**2 - 5*g. Let y be o(-7). What is the remainder when -21*14/147*(-122)/4 is divided by (y/6)/((-3)/27)?
19
Calculate the remainder when 39640/72 - 60/(-135) is divided by 222.
107
Let n(r) = -4*r**2 - 70*r - 10. Let p be n(-17). Suppose -p*x + 2964 = 15*x. Calculate the remainder when x is divided by 20.
16
Let d = 5 - -45. What is the remainder when ((-186)/4 + -2)*(-2540)/1270 is divided by d?
47
Suppose 24 = 2*u - 3*s, -3*u - u = -s - 38. Calculate the remainder when 2/(-11) + 0 + ((-1506050)/(-275))/91 is divided by u.
6
Suppose x = 2, 2*m - 4*x + 174 - 960 = 0. Let j = 406 - m. Calculate the remainder when (-104)/(-3) + 4/(-6) is divided by j.
7
Let m be -7 + 5 + (0 - -4). Let l(o) = 3*o + 13. Let k(j) = -j - 7. Let a(i) = m*l(i) + 5*k(i). Calculate the remainder when 39 is divided by a(17).
7
Suppose 16*g - 117 = 13*g. Suppose -z + 19 = -3*t, -3*z - 3*t + g = -6. Let w = 93 - 64. Calculate the remainder when w is divided by z.
13
Let r(x) = x**3 - x**2 - 2*x - 1. Let g(y) = y**2 + 6*y - 24. Let p = -91 - -82. Let i be g(p). What is the remainder when 21 is divided by r(i)?
10
Suppose l - 4*p = 277, 1048 = 4*l - 104*p + 100*p. What is the remainder when l is divided by 63?
5
Let h(m) = -m**2 - 54*m - 65. Let i be h(-11). Suppose 6*k - 23*k = -i. Calculate the remainder when (-40)/6*(-42)/4 is divided by k.
22
Calculate the remainder when 14088/(16 + -24)*(-4)/3 is divided by 33.
5
Let g = 3123 + -3115. What is the remainder when 3605 is divided by g?
5
Let h = -46 - -49. Suppose -h = -l + 2*v + 52, l = -5*v + 20. Calculate the remainder when l is divided by 12.
9
Suppose -295 = -5*h - n, 6*h + 2*n = 271 + 87. What is the remainder when 336 is divided by h?
46
Suppose 3338 = 29*f + 1047. Calculate the remainder when 533 is divided by f.
59
Let d = 264 + -164. What is the remainder when 420 is divided by d?
20
Let d = 51 - 22. What is the remainder when (20 + (-2046)/(-22))/(2/2) is divided by d?
26
Suppose -12*v + 72 = -3*v. Let c be -4 - (-4 - 10/(-5)). What is the remainder when v is divided by (-1 - 7)*c/4?
0
Let u be (-2)/(6/81*-1). Suppose -u = 6*s - 417. Suppose 12*c - 713 = -s. Calculate the remainder when c is divided by 8.
6
Let j = -70 + 328. Let d = -45 + j. Let t = 47 + -11. Calculate the remainder when d is divided by t.
33
Let g = 361 + -377. Let o(n) = n**2 + 15*n - 14. Calculate the remainder when 21 is divided by o(g).
1